- -15?
-150666
In base 5, what is -343 - 3330?
-4223
In base 4, what is -10012 - 21010?
-31022
In base 11, what is 216 + 788?
9a3
In base 14, what is -5a228 - 8?
-5a232
In base 11, what is -79794 - 2?
-79796
In base 12, what is 1642 + -9?
1635
In base 16, what is -12dfb9 - 5?
-12dfbe
In base 15, what is 277 - 2?
275
In base 12, what is 6ab3 - -3?
6ab6
In base 8, what is -1 - -14630?
14627
In base 2, what is 0 + -110010110111011010?
-110010110111011010
In base 7, what is -62252122 + 5?
-62252114
In base 4, what is 12013010 - 0?
12013010
In base 9, what is -3754 + -24?
-3778
In base 8, what is 1 - -655656?
655657
In base 7, what is -5264554 + 4?
-5264550
In base 16, what is -46c - 1?
-46d
In base 15, what is 1 + -887?
-886
In base 12, what is 0 - -1a7?
1a7
In base 7, what is 301 - 5105?
-4504
In base 11, what is -911507 - 0?
-911507
In base 9, what is 88 - 10412?
-10313
In base 7, what is -46433 - -12?
-46421
In base 15, what is 0 + -16953?
-16953
In base 3, what is -110102 - 0?
-110102
In base 13, what is -19312b6 + -5?
-19312bb
In base 7, what is -203 - -323336?
323133
In base 12, what is ab07 - 3?
ab04
In base 11, what is 5263 + -254?
500a
In base 3, what is -2110112002210 - 0?
-2110112002210
In base 4, what is 231023112 - 0?
231023112
In base 8, what is -2 + -110435?
-110437
In base 7, what is 36 + -233515?
-233446
In base 5, what is 10 - -1404301?
1404311
In base 13, what is 0 + 5395?
5395
In base 15, what is -7eb4 + 0?
-7eb4
In base 11, what is 155541 - 0?
155541
In base 4, what is 10330 + 10003?
20333
In base 13, what is 1 + -568a9?
-568a8
In base 9, what is -20367 - -30?
-20337
In base 3, what is -111 - 12122211101?
-12122211212
In base 11, what is -2561a - 5?
-25624
In base 11, what is -41041 + -3?
-41044
In base 12, what is 4a - 12196?
-12148
In base 8, what is -676512 - -15?
-676475
In base 16, what is 231d - -f?
232c
In base 4, what is -23 + 2022211?
2022122
In base 7, what is 13643 + 1366?
15342
In base 7, what is -1104630 + -10?
-1104640
In base 4, what is -3021010 + 101?
-3020303
In base 13, what is 24236 + 5?
2423b
In base 7, what is -223 - 1354?
-1610
In base 16, what is -138e - -a?
-1384
In base 14, what is -16a105 + 4?
-16a101
In base 6, what is -30 - 140154?
-140224
In base 14, what is 7 + 1ab2?
1ab9
In base 9, what is -56 - 546?
-613
In base 13, what is 0 + -1719?
-1719
In base 11, what is -5 - 136599?
-1365a3
In base 6, what is 445014 - -10?
445024
In base 3, what is 1200 - -1210220?
1212120
In base 9, what is 2458 + -15?
2443
In base 4, what is 11203001 - 3?
11202332
In base 7, what is -1 + 535312?
535311
In base 15, what is -77 + 62ee?
6277
In base 14, what is -b5 - 2c1?
-396
In base 11, what is 85621 - 4?
85618
In base 9, what is 21248 - 3?
21245
In base 4, what is 103330023 + 2?
103330031
In base 12, what is 1 - 3502b?
-3502a
In base 2, what is -101010000001 - -1000010100?
-100001101101
In base 2, what is 10110 + -1101110010?
-1101011100
In base 4, what is -300100020 + -1?
-300100021
In base 11, what is -60 + 2967?
2907
In base 15, what is -1322d - -c?
-13221
In base 8, what is 1005 - 572?
213
In base 8, what is 2 + 1741220?
1741222
In base 2, what is -1110101000001110 - 11?
-1110101000010001
In base 11, what is -4 + -53738?
-53741
In base 6, what is 143 - -33041?
33224
In base 9, what is -4 - -8148?
8144
In base 9, what is 7 - 2263?
-2255
In base 4, what is 10102101 - 10012?
10032023
In base 11, what is -41 - -191?
150
In base 2, what is 10 + -1001110101001?
-1001110100111
In base 6, what is -44 - 151330?
-151414
In base 13, what is -5 - -4444?
443c
In base 8, what is 15420 - 221?
15177
In base 14, what is -5a219 + -c?
-5a227
In base 15, what is 25 + 5ec?
622
In base 16, what is 3 + -d6268?
-d6265
In base 5, what is -1 + 243402?
243401
In base 15, what is 4987 + 2e?
49b6
In base 14, what is -594a + -d?
-5959
In base 3, what is 12121101002 + -11?
12121100221
In base 16, what is 277c - -d?
2789
In base 9, what is -214 + 68?
-135
In base 12, what is 960 - -6?
966
In base 10, what is -73 - -32193?
32120
In base 3, what is -11 + -10100202010?
-10100202021
In base 3, what is 11112 + -1020?
10022
In base 14, what is 8b60b - -1?
8b60c
In base 4, what is 13 + 22223100?
22223113
In base 9, what is 25 - 355?
-330
In base 15, what is 10 + 422c?
423c
In base 14, what is 1b - 19454?
-19437
In base 8, what is 274 + 115?
411
In base 11, what is 0 - -123?
123
In base 4, what is 210221233 - -20?
210221313
In base 16, what is 2 + 8cf?
8d1
In base 14, what is 3 + 16666?
16669
In base 11, what is 2 - -32295?
32297
In base 10, what is 92 + 1150?
1242
In base 16, what is 14b + -b?
140
In base 10, what is -405 - 15?
-420
In base 16, what is 1c57 + d?
1c64
In base 14, what is -2357 + -29a?
-2613
In base 7, what is -1 - 34105?
-34106
In base 8, what is -703100 - 0?
-703100
In base 9, what is -4 - -2271750?
2271745
In base 5, what is 4 + 422140?
422144
In base 12, what is -36 - -7567?
7531
In base 2, what is 1010101 + 10110110011?
11000001000
In base 14, what is -667 + 95?
-5b2
In base 2, what is 100 + -1010011100001101?
-1010011100001001
In base 5, what is 40 - -43104?
43144
In base 10, what is -190 + -915?
-1105
In base 13, what is -3 + 2069?
2066
In base 6, what is 24355 - 2520?
21435
In base 10, what is -257 + -6206?
-6463
In base 2, what is 1010111000 + 1000000010?
10010111010
In base 4, what is 22330132 + -11?
22330121
In base 2, what is -100 + 11001100011101?
11001100011001
In base 11, what is -5 + -202598?
-2025a2
In base 15, what is -b + -18e?
-19a
In base 6, what is -1145 + 21?
-1124
In base 6, what is -23120 + 0?
-23120
In base 8, what is 5 + 3755?
3762
In base 13, what is -c6 + -37?
-130
In base 12, what is -480 + -7?
-487
In base 15, what is -1d7 + 6?
-1d1
In base 15, what is 87 - 7926?
-788e
In base 2, what is 101011111110010001 - -101?
101011111110010110
In base 16, what is 87d2 + 0?
87d2
In base 2, what is 111 - -10011110000000?
10011110000111
In base 4, what is -22 + 20100123?
20100101
In base 2, what is 110010100 + -110111?
101011101
In base 10, what is 2 + 3851?
3853
In base 16, what is -aec - -1?
-aeb
In base 11, what is 4 - 288938?
-288934
In base 13, what is -22283 + 1c?
-22264
In base 3, what is 2002020 - 2100?
1222220
In base 5, what is 11210 + 222?
11432
In base 12, what is 464 + 1b?
483
In base 13, what is 11c106 - 4?
11c102
In base 10, what is -1 + 525376?
525375
In base 14, what is c - 12688?
-1267a
In base 14, what is 0 + -2185?
-2185
In base 11, what is 91 - -5a1?
682
In base 16, what is -e2 + -8b?
-16d
In base 11, what is 4a - -174?
213
In base 10, what is 3 + 1918398?
1918401
In base 4, what is -102 - -2200123?
2200021
In base 14, what is -5 + -52287?
-5228c
In base 4, what is -1001220300 - 20?
-1001220320
In base 8, what is 0 - 2135521?
-2135521
In base 12, what is 420362 + -1?
420361
In base 12, what is 5 + 698a1?
698a6
In base 12, what is 817b4 - 1?
817b3
In base 13, what is -a290 + -1?
-a291
In base 7, what is 2410230 + 1?
2410231
In base 15, what is -17661 - 4?
-17665
In base 16, what is -a + dfd?
df3
In base 4, what is -10112 - 203?
-10321
In base 12, what is -5 - 658b4?
-658b9
In base 5, what is 220142 + -2030?
213112
In base 16, what is -6452 + 5?
-644d
In base 12, what is 101 + 53?
154
In base 16, what is 14613 + 5?
14618
In base 9, what is -3 + -540584?
-540587
In base 10, what is 2314 + 316?
2630
In base 3, what is 112101 - -2110?
121211
In base 13, what is 21 - b04?
-ab3
In base 12, what is 37994 - 2?
37992
In base 4, what is 302 + -2211213?
-2210311
In base 15, what is -7b + 288?
20c
In base 11, what is -8 - -1024?
1017
In base 8, what is 210 + 7362?
7572
In base 14, what is 34bd - -4?
34c3
In base 12, what is -6 + -4798a?
-47994
In base 15, what is -1 - 13172?
-13173
In base 15, what is 59 + 739?
793
In base 9, what is -672 + -7?
-680
In base 2, what is 10 + -10101101?
-10101011
In base 5, what is 40014403 + 2?
40014410
In base 15, what is -264 + de?
-175
In base 6, what is 5 - -22215031?
22215040
In base 10, what is -19 + -3323?
-3342
In base 13, what is -2070 - -53?
-201a
In base 16, what is -f - -17205?
171f6
In base 3, what is 102010112 + 110?
102010222
In base 7, what is -100435 - 42?
-100510
In base 15, what is 5 + -3e26?
-3e21
In base 12, what is -a6 + 12ba7?
12b01
In base 8, what is 1005